rue
Is 5 a factor of 1380?
True
Is 142 a multiple of 2?
True
Is 62 a multiple of 31?
True
Is 30130 a multiple of 55?
False
Does 111 divide 25419?
True
Is 138 a factor of 8309?
False
Does 9 divide 837?
True
Does 9 divide 522?
True
Does 5 divide 113?
False
Is 4 a factor of 377?
False
Does 118 divide 5546?
True
Does 15 divide 731?
False
Is 5070 a multiple of 130?
True
Is 8 a factor of 21848?
True
Does 10 divide 3451?
False
Does 117 divide 39078?
True
Is 5936 a multiple of 53?
True
Does 19 divide 24?
False
Does 8 divide 179?
False
Is 23544 a multiple of 8?
True
Does 76 divide 1292?
True
Is 46 a factor of 37868?
False
Is 93 a multiple of 8?
False
Is 5 a factor of 245?
True
Is 1908 a multiple of 31?
False
Does 78 divide 9204?
True
Is 870 a multiple of 23?
False
Is 13 a factor of 611?
True
Is 28 a factor of 2632?
True
Is 68293 a multiple of 31?
True
Is 150 a multiple of 15?
True
Is 10392 a multiple of 12?
True
Is 672 a multiple of 48?
True
Is 8 a factor of 10352?
True
Does 11 divide 25267?
True
Does 46 divide 12022?
False
Does 84 divide 30156?
True
Does 48 divide 10896?
True
Is 25 a factor of 1805?
False
Is 3082 a multiple of 16?
False
Is 16724 a multiple of 51?
False
Does 38 divide 400?
False
Is 4872 a multiple of 16?
False
Does 10 divide 2150?
True
Is 39 a factor of 28457?
False
Does 36 divide 1008?
True
Is 131 a multiple of 35?
False
Does 11 divide 924?
True
Is 33 a factor of 19673?
False
Does 24 divide 90936?
True
Is 228 a multiple of 6?
True
Does 9 divide 1818?
True
Is 26208 a multiple of 234?
True
Is 4 a factor of 765?
False
Does 70 divide 5510?
False
Does 7 divide 91?
True
Is 204 a multiple of 12?
True
Is 8 a factor of 401?
False
Does 226 divide 19570?
False
Does 34 divide 612?
True
Is 119 even?
False
Is 448 a factor of 40745?
False
Is 1971 a multiple of 96?
False
Is 35224 a multiple of 148?
True
Is 123 a factor of 2214?
True
Does 111 divide 20646?
True
Does 25 divide 1550?
True
Is 195 a factor of 54212?
False
Is 10 a factor of 8493?
False
Does 5 divide 805?
True
Does 7 divide 221?
False
Is 23973 a multiple of 183?
True
Does 179 divide 22206?
False
Is 12 a factor of 659?
False
Does 10 divide 546?
False
Is 612 a multiple of 4?
True
Does 11 divide 86?
False
Does 103 divide 1729?
False
Is 50718 a multiple of 66?
False
Is 13 a factor of 17515?
False
Is 14921 a multiple of 33?
False
Does 31 divide 1786?
False
Is 31 a factor of 930?
True
Is 17 a factor of 360?
False
Is 4492 a multiple of 24?
False
Is 25 a factor of 2487?
False
Is 11844 a multiple of 7?
True
Is 2871 a multiple of 11?
True
Does 148 divide 7400?
True
Is 158 a multiple of 8?
False
Is 2031 a multiple of 46?
False
Does 24 divide 7416?
True
Does 6 divide 692?
False
Is 25690 a multiple of 35?
True
Is 3 a factor of 122?
False
Does 89 divide 19541?
False
Does 9 divide 180?
True
Does 16 divide 582?
False
Is 24 a factor of 846?
False
Does 139 divide 29190?
True
Is 58 a factor of 3306?
True
Does 115 divide 53749?
False
Is 36 a factor of 11700?
True
Does 104 divide 1711?
False
Is 36 a factor of 12312?
True
Is 24 a factor of 3507?
False
Is 132 a factor of 1980?
True
Is 13671 a multiple of 158?
False
Is 48 a factor of 1056?
True
Is 109 a factor of 14388?
True
Does 22 divide 796?
False
Is 1070 a multiple of 10?
True
Is 48709 a multiple of 26?
False
Does 4 divide 1324?
True
Is 49 a factor of 5488?
True
Is 34 a factor of 236?
False
Does 21 divide 618?
False
Is 8601 a multiple of 8?
False
Is 102154 a multiple of 26?
True
Is 13 a factor of 35947?
False
Is 66 a factor of 117?
False
Does 8 divide 100?
False
Does 12 divide 8916?
True
Does 15 divide 2400?
True
Does 4 divide 1237?
False
Does 84 divide 4703?
False
Is 174 even?
True
Is 1026 a multiple of 27?
True
Is 9913 a multiple of 7?
False
Is 4031 a multiple of 15?
False
Is 10230 a multiple of 66?
True
Does 5 divide 1695?
True
Is 30 a factor of 2340?
True
Is 19176 a multiple of 47?
True
Does 3 divide 11271?
True
Is 7 a factor of 5335?
False
Does 88 divide 25575?
False
Is 23 a factor of 370?
False
Is 960 a multiple of 16?
True
Does 4 divide 64?
True
Is 9 a factor of 111?
False
Is 74 a multiple of 4?
False
Does 6 divide 5358?
True
Is 51 a factor of 2304?
False
Does 16 divide 155?
False
Is 60 a multiple of 5?
True
Does 96 divide 5803?
False
Is 74 a factor of 10483?
False
Does 17 divide 4403?
True
Does 3 divide 645?
True
Is 3460 a multiple of 8?
False
Does 45 divide 16959?
False
Is 11 a factor of 583?
True
Is 61 a factor of 4380?
False
Does 63 divide 33193?
False
Is 210 a factor of 2940?
True
Is 5252 a multiple of 26?
True
Is 194 a multiple of 24?
False
Is 38 a factor of 12543?
False
Does 4 divide 208?
True
Is 39384 a multiple of 18?
True
Is 16 a factor of 147328?
True
Does 43 divide 20124?
True
Is 77 a factor of 385?
True
Is 5 a factor of 44?
False
Is 7659 a multiple of 2?
False
Is 1536 a multiple of 32?
True
Is 391 a multiple of 23?
True
Does 3 divide 206?
False
Is 45 a factor of 36802?
False
Is 9 a factor of 430?
False
Does 43 divide 851?
False
Is 6095 a multiple of 115?
True
Does 11 divide 1650?
True
Does 15 divide 771?
False
Is 138 a factor of 10749?
False
Is 83 a factor of 11058?
False
Does 33 divide 3949?
False
Is 1903 a multiple of 11?
True
Is 29 a factor of 2827?
False
Is 5 a factor of 129?
False
Is 101480 a multiple of 129?
False
Is 1316 a multiple of 18?
False
Is 81 a factor of 13122?
True
Is 990 a multiple of 33?
True
Does 3 divide 1746?
True
Is 88 a factor of 4488?
True
Is 58 a multiple of 9?
False
Is 13 a factor of 5447?
True
Does 9 divide 962?
False
Is 52808 a multiple of 56?
True
Is 7 a factor of 13498?
False
Is 3120 a multiple of 40?
True
Does 27 divide 16227?
True
Is 258 a factor of 133902?
True
Does 141 divide 24576?
False
Is 7606 a multiple of 68?
False
Does 33 divide 33?
True
Is 192 a multiple of 12?
True
Is 13 a factor of 685?
False
Does 6 divide 9420?
True
Is 2730 a multiple of 14?
True
Is 14 a factor of 590?
False
Does 123 divide 919?
False
Does 6 divide 30?
True
Is 684 a multiple of 22?
False
Does 69 divide 8694?
True
Is 18 a factor of 538?
False
Is 53 a multiple of 7?
False
Is 19 a multiple of 5?
False
Does 34 divide 782?
True
Does 19 divide 66933?
False
Is 7227 a multiple of 99?
True
Is 28 a factor of 229?
False
Is 1783 a multiple of 58?
False
Does 7 divide 3416?
True
Is 468 a multiple of 7?
False
Is 27 a factor of 3738?
False
Is 2400 a multiple of 23?
False
Is 71 a multiple of 3?
False
Does 39 divide 1131?
True
Is 6 a factor of 2973?
False
Is 380 a factor of 58429?
False
Does 2 divide 605?
False
Is 207 even?
False
Is 28764 a multiple of 22?
False
Is 19044 a multiple of 23?
True
Does 102 divide 15810?
True
Is 2912 a multiple of 26?
True
Does 11 divide 506?
True
Is 1600 a multiple of 25?
True
Is 3108 a multiple of 14?
True
Is 2325 a multiple of 75?
True
Is 17358 a multiple of 33?
True
Does 109 divide 315?
False
Is 22 a factor of 968?
True
Is 54 a multiple of 19?
False
Does 5 divide 230?
True
Is 47700 a multiple of 18?
True
Is 64554 a multiple of 25?
False
Is 23516 a multiple of 79?
False
Is 36 a factor of 65488?
False
Is 727 a multiple of 9?
False
Is 129980 a multiple of 204?
False
Is 9 a factor of 1326?
False
Does 54 divide 1232?
False
Does 10 divide 467?
False
Does 19 divide 23200?
False
Is 7 a factor of 497?
True
Does 21 divide 5460?
True
Is 9 a factor of 1126?
False
Is 5119 a multiple of 13?
False
Does 9 divide 82082?
False
Does 102 divide 6125?
False
Is 384 a multiple of 16?
True
Does 11 divide 3955?
False
Does 30 divide 252?
False
Is 639 a multiple of 71?
True
Is 67 a factor of 8643?
True
Does 14 divide 113?
False
Does 4 divide 1455?
False
Does 65 divide 411?
False
Does 10 divide 1199?
False
Is 53 a factor of 2279?
True
Is 12 a factor of 2725?
False
Is 9 a factor of 10177?
False
Does 9 divide 1089?
True
Does 33 divide 462?
True
Is 120 a multiple of 4?
True
Is 904 a multiple of 39?
False
Is 154 a factor of 36250?
False
Is 17 a factor of 6220?
False
Is 7 a factor of 497?
True
Is 53 a factor of 689?
True
Is 40 a factor of 2280?
True
Is 15 a factor of 2145?
True
Does 2 divide 76?
True
Does 199 divide 35820?
True
Is 38 a factor of 3773?
False
Is 8 a factor of 159?
False
Does 76 divide 840?
False
Is 2 a factor of 395?
False
Is 16 a factor of 9522?
False
Does 32 divide 1618?
False
Is 426 a multiple of 9?
False
Is 1116 a multiple o